multiple of 2071?
True
Is 10 a factor of 91480427?
False
Is 8 a factor of 210787552?
True
Does 88 divide 28756129?
False
Is 160 a factor of 1879200?
True
Is 190013200 a multiple of 15?
False
Does 21 divide 200081497?
False
Is 45113220 a multiple of 15?
True
Is 714331296 a multiple of 119?
True
Is 86 a factor of 3755727065?
False
Is 146 a factor of 689523378?
False
Is 1454 a factor of 40026536?
False
Is 2309285713 a multiple of 7?
True
Does 446 divide 78590349?
False
Is 11034584 a multiple of 74?
True
Is 246068871 a multiple of 118?
False
Is 115000352 a multiple of 8?
True
Is 589349883 a multiple of 22?
False
Is 2237 a factor of 65718586?
True
Is 43531033 a multiple of 133?
True
Is 11 a factor of 92849177?
False
Is 10464 a factor of 87102336?
True
Is 13282090 a multiple of 14998?
False
Does 15 divide 209582851?
False
Is 94691561 a multiple of 2109?
False
Does 276 divide 517692372?
True
Is 3002966136 a multiple of 162?
True
Is 429124805 a multiple of 47?
True
Is 22 a factor of 2024530354?
True
Is 14 a factor of 136771080?
False
Does 19 divide 146663964?
True
Does 10 divide 10862333?
False
Is 120627936 a multiple of 132?
True
Is 963 a factor of 19790093?
False
Is 46499792 a multiple of 1161?
False
Is 246872766 a multiple of 314?
True
Does 880 divide 50581611?
False
Does 2487 divide 43095966?
False
Is 11 a factor of 3767027?
True
Is 11 a factor of 68504686?
False
Does 18 divide 86973156?
True
Is 5283787 even?
False
Is 6807 a factor of 580462082?
False
Is 580 a factor of 1435182117?
False
Is 194 a factor of 3987864?
True
Is 221970 a multiple of 117?
False
Is 29744759 a multiple of 14?
False
Is 342 a factor of 43711362?
True
Is 1824 a factor of 56354507?
False
Does 15 divide 80852280?
True
Does 305 divide 13817412?
False
Does 1012 divide 4073597528?
True
Is 13 a factor of 88736440?
True
Is 3515 a factor of 135342001?
False
Is 702 a factor of 674313533?
False
Does 6105 divide 282722550?
True
Does 720 divide 2296080?
True
Is 12834739 a multiple of 7?
False
Does 85 divide 268009346?
False
Is 2020477872 a multiple of 54?
False
Is 456 a factor of 249300181?
False
Does 208 divide 74164896?
True
Does 49 divide 3815434?
True
Is 176 a factor of 2475676?
False
Does 8595 divide 23026005?
True
Does 33 divide 634728963?
True
Is 187 a factor of 1128380883?
False
Is 872 a factor of 44459145?
False
Is 1887 a factor of 566411355?
True
Does 407 divide 977305901?
True
Is 195398561 a multiple of 16?
False
Does 1199 divide 916344143?
True
Is 440865119 a multiple of 558?
False
Is 32372160 a multiple of 960?
True
Is 874851645 a multiple of 15?
True
Is 4512 a factor of 838410816?
True
Is 44899595 a multiple of 131?
True
Is 957528768 a multiple of 1656?
False
Does 2024 divide 231670583?
False
Does 13 divide 2205392405?
False
Does 143 divide 88984038?
True
Is 309 a factor of 31607919?
True
Is 899 a factor of 108494916?
True
Does 5051 divide 2930802342?
True
Is 395 a factor of 934175?
True
Is 5319 a factor of 1097336295?
True
Is 67976103 a multiple of 8?
False
Is 13846992 a multiple of 424?
True
Is 341143800 a multiple of 100?
True
Is 1481206152 a multiple of 24?
True
Does 10 divide 4359443?
False
Does 777 divide 73566277?
False
Does 357 divide 193243202?
False
Is 4321116 a multiple of 116?
True
Does 2714 divide 328669442?
False
Does 5590 divide 1785574570?
True
Is 21108927 a multiple of 3?
True
Does 8 divide 32766530?
False
Is 26 a factor of 898159210?
True
Is 939 a factor of 53456331?
True
Is 92595762 a multiple of 42?
True
Is 857617968 a multiple of 3004?
True
Does 61 divide 81875237?
True
Is 641 a factor of 30155204?
True
Is 377499548 a multiple of 2093?
False
Does 9 divide 40519312?
False
Does 27 divide 1215737208?
True
Does 764 divide 10343247?
False
Does 77 divide 643888111?
False
Is 392746599 a multiple of 7?
True
Is 191682168 a multiple of 12?
True
Is 11 a factor of 1360430082?
True
Does 64 divide 1566279232?
True
Is 243673250 a multiple of 94?
False
Is 859 a factor of 186085363?
False
Is 514761475 a multiple of 25?
True
Does 2023 divide 497117859?
True
Does 73 divide 21251520?
False
Is 65 a factor of 202570680?
True
Is 73 a factor of 7674198?
True
Does 139 divide 43937900?
True
Is 5 a factor of 28571672?
False
Is 25 a factor of 21192327?
False
Does 1440 divide 346367520?
True
Does 3742 divide 829279588?
True
Does 8 divide 1039573690?
False
Is 1691 a factor of 271384781?
False
Is 31 a factor of 4322519?
False
Is 268404500 a multiple of 1388?
True
Does 510 divide 44336461?
False
Is 40281312 a multiple of 6?
True
Is 2563565879 a multiple of 343?
True
Does 324 divide 50780844?
True
Is 926 a factor of 145317641?
False
Is 7 a factor of 266308?
True
Does 180 divide 1785681852?
False
Is 22 a factor of 207313695?
False
Does 26 divide 3098069?
False
Does 389 divide 55055170?
True
Does 306 divide 111468851?
False
Does 307 divide 36040516?
False
Is 12969945 a multiple of 3?
True
Is 33766737 a multiple of 23?
True
Is 20740508 a multiple of 3?
False
Is 294 a factor of 1542417198?
True
Is 1137521528 a multiple of 162?
False
Is 24181270 a multiple of 1985?
True
Is 692253405 a multiple of 465?
True
Does 205 divide 841202535?
True
Does 423 divide 23290120?
False
Does 727 divide 4946508?
True
Is 146461040 a multiple of 55?
True
Is 58 a factor of 180276528?
True
Is 1436907010 a multiple of 77?
True
Does 57 divide 228485152?
False
Does 49 divide 444145731?
False
Is 2 a factor of 1678812?
True
Is 4 a factor of 85787255?
False
Does 9 divide 180058?
False
Does 399 divide 21760917?
False
Does 90 divide 17406090?
True
Is 16861531 a multiple of 21?
False
Is 18 a factor of 20456910?
True
Is 1349068512 a multiple of 5664?
True
Is 39510838 a multiple of 1585?
False
Is 361 a factor of 83536028?
False
Is 9 a factor of 711532918?
False
Does 21 divide 326665379?
False
Is 21 a factor of 98038521?
True
Does 10 divide 230000099?
False
Does 17 divide 475407278?
True
Is 100044882 a multiple of 189?
True
Is 1555 a factor of 141393040?
True
Does 27 divide 11766052?
False
Is 474717823 a multiple of 4?
False
Is 102 a factor of 17885960?
False
Is 2497821360 a multiple of 15?
True
Is 15 a factor of 216268951?
False
Is 13288314 a multiple of 13?
True
Does 843 divide 577830923?
False
Is 107 a factor of 725015?
False
Does 28 divide 482580?
True
Is 10 a factor of 202744220?
True
Does 7 divide 9334999?
False
Is 14233310 a multiple of 35?
True
Is 16 a factor of 417133648?
True
Is 198556667 a multiple of 30?
False
Is 605300608 a multiple of 28?
False
Is 115 a factor of 33720023?
False
Is 3376161648 a multiple of 3138?
True
Is 2416948866 a multiple of 3378?
True
Is 139 a factor of 27181493?
False
Is 982 a factor of 636345162?
False
Is 14 a factor of 1579018?
True
Is 547 a factor of 38742650?
False
Is 389939824 a multiple of 1502?
False
Does 6283 divide 603654198?
False
Is 8036580 a multiple of 36?
False
Does 998 divide 19720199?
False
Is 2401158560 a multiple of 7520?
True
Is 64 a factor of 426455045?
False
Does 162 divide 6397704?
True
Does 4360 divide 123402265?
False
Does 18 divide 672058002?
False
Is 6706220 a multiple of 266?
False
Is 5554634 a multiple of 33?
False
Does 264 divide 62583541?
False
Is 93578101 a multiple of 10?
False
Is 8818502 a multiple of 13?
False
Does 4 divide 9709046?
False
Is 28601287 a multiple of 13?
True
Does 41 divide 405668?
False
Does 61 divide 123077565?
True
Is 287462967 a multiple of 323?
False
Is 576 a factor of 32988672?
True
Does 46 divide 10241578?
True
Is 94 a factor of 134836817?
False
Is 30749334 a multiple of 2265?
False
Is 12 a factor of 44618820?
True
Is 7 a factor of 25845330?
True
Does 5309 divide 2187100949?
True
Does 47 divide 437906896?
True
Is 148655588 a multiple of 5374?
True
Does 7066 divide 4735753322?
True
Is 57 a factor of 739860?
True
Is 452 a factor of 330679584?
True
Is 3700 a factor of 115838089?
False
Is 1591 a factor of 32785737?
True
Is 2080862667 a multiple of 107?
False
Does 17 divide 1125124294?
True
Does 8 divide 264147808?
True
Is 7356044 a multiple of 26?
False
Is 270 a factor of 33225390?
True
Is 1447 a factor of 948392740?
True
Does 8 divide 92046629?
False
Is 24786441 a multiple of 206?
False
Is 442335135 a multiple of 165?
True
Does 14 divide 12156294?
False
Is 100 a factor of 451704223?
False
Is 45976578 a multiple of 474?
True
Is 178504